 when n is divided by 44?
43
Suppose 3*y + w = 127, 5*y + 2*w = 122 + 89. Calculate the remainder when 229 is divided by y.
14
Suppose -y + 16 = -2. Let n be (y/(-5))/(11/(-55)). Calculate the remainder when 105 is divided by (n/15)/(4/90).
24
Let r be ((-29)/(-29))/((-2)/(-6)). What is the remainder when 21 is divided by -65*r*(-2)/30?
8
Let p = 283 + -251. Calculate the remainder when 413 is divided by p.
29
Let k = 11 + -8. Let y = -21 - -23. Suppose -k*p = -y*p - 19. Calculate the remainder when 73 is divided by p.
16
Let q = -61 + 144. Calculate the remainder when q is divided by 18.
11
Suppose 0 = 50*t - 55*t + 145. Let f = t - 20. Calculate the remainder when 62 is divided by f.
8
Suppose 0 = -3*k - 6, 3*k = 2*b + k - 8. Suppose -2*h + 28 = b*h. Calculate the remainder when h is divided by (1 - 1) + 3 + 0.
1
Let q = -61 + 26. Let w = -33 - q. Suppose -w*b + 4*n = -38, -2*n + 11 = 4*b + 3*n. What is the remainder when b is divided by 5?
4
Let r = 54 - 1. Suppose 64 = 3*t - r. Let q = -25 + t. What is the remainder when 53 is divided by q?
11
Suppose t = y - 48, -t - 104 = -3*y + 38. Let j(n) = -n**3 + 10*n**2 + 3*n - 13. What is the remainder when y is divided by j(10)?
13
Let u = 369 + -264. Calculate the remainder when u is divided by 51.
3
Let s(a) = a**3 + 20*a**2 + 22*a + 51. Calculate the remainder when s(-8) is divided by 38.
35
Let a = -412 - -515. What is the remainder when a is divided by 15?
13
Let u(k) = -k**3 - 58*k**2 - 57*k + 62. What is the remainder when u(-57) is divided by 14?
6
Let l be (18/(-30))/((-1)/5). Suppose 0 = -v + 4*w - 2, l*v - 5*w + 5 = 20. Suppose 54 = b + 2*b. What is the remainder when b is divided by v?
8
Let h = -2961 - -2967. Calculate the remainder when 77 is divided by h.
5
Let p be (19/(-38))/(2/(-12)). Suppose 7*v - p*v - 72 = 0. What is the remainder when 87 is divided by v?
15
Let b(n) = n**3 + 7*n**2 + 8*n + 3. Let x(p) = -4*p - 13. Let t be x(-2). What is the remainder when 51 is divided by b(t)?
12
Let z = 830 + -516. What is the remainder when z is divided by 15?
14
Let f = 1355 - 516. Calculate the remainder when f is divided by 56.
55
Let y be (-4)/3 - (-420)/45. Suppose a - 12 = 7*g - y*g, -3*a - 3 = 0. What is the remainder when 25 - (2 + 2/(-2)) is divided by g?
11
Let f(x) = x**2 - 5*x. Calculate the remainder when 210 is divided by f(-4).
30
Suppose -3*z - 119 = -4*z. Suppose 1319 = -115*v + 4884. What is the remainder when z is divided by v?
26
Let y be 9/6 - 3/(-2). Suppose -j + 28 = -y*c, 2*j - 4*j + c = -41. Calculate the remainder when 92 is divided by j.
16
Let s(g) = g + 5. Let f(k) = 1. Let n(p) = 4*f(p) + s(p). Let m(v) = -v - 17. Let w(h) = -4*m(h) - 9*n(h). Calculate the remainder when w(-16) is divided by 17.
16
Suppose 4*r + 58 - 382 = 2*f, -4*f = -16. What is the remainder when r is divided by 55?
28
Let d = 3121 + -3020. What is the remainder when 227 is divided by d?
25
Let n be (2 + -3)/((-2)/(-4)). Let j(c) = 2*c - 7. What is the remainder when (n - -8) + -3 + 0 is divided by j(5)?
0
Let b(a) = -7*a - 2*a**2 + 3*a - 2*a + 3*a**2. Let p(g) = -3*g - 2. Calculate the remainder when p(-9) is divided by b(7).
4
Let q(f) = f**2 + 23*f + 50. Let b be q(-22). Suppose 32*l - b*l - 448 = 0. Calculate the remainder when l is divided by 38.
36
Let d = 166 - 163. Calculate the remainder when 28 is divided by d.
1
Suppose k + 2*k - 9 = 0. Let r(y) = 4*y**2 - 4*y + 1. Let j be r(k). Suppose w = 2*q - 3*q + j, 4*w - 123 = -5*q. What is the remainder when 68 is divided by q?
22
Suppose 0 = 6*y + 12 - 330. What is the remainder when y is divided by 29?
24
Suppose 97 + 10 = 3*m + 4*u, 33 = m + 4*u. Suppose -2*a + m = 5*t, 3*t - 14 = -3*a + 64. Calculate the remainder when 60 is divided by a.
29
Let m(f) = -f + 14. Let n be m(12). Suppose -n*t = -4*j + 72, 4*j - j - 47 = 5*t. What is the remainder when (2 + j)*(-6)/(-9) is divided by 10?
4
Let c = 1009 - 946. Calculate the remainder when 181 is divided by c.
55
Suppose 2 = -4*g + 26. Suppose 0*b - g = -b. Suppose b*m - 36 = 2*m. Calculate the remainder when m is divided by 3.
0
Suppose 29 + 27 = -2*n. Let i = n - -33. What is the remainder when 19 is divided by i?
4
Suppose -1533 = -340*a + 319*a. Calculate the remainder when a is divided by 20.
13
Let c(f) = -2*f - 29. Let x be c(-13). Let t be x/(-2) - (-138)/12. Suppose -3 = 5*i - t. What is the remainder when 3 is divided by i?
1
Let k(c) be the third derivative of 7*c**5/30 - c**4/4 + c**3/2 + c**2. Calculate the remainder when k(2) is divided by 16.
15
Let k(o) = o + 13. Let z be k(-13). Suppose z = -4*j + 72 + 200. What is the remainder when j is divided by 7?
5
Let r = -10016 + 10100. Let g(j) = 6*j - 6. What is the remainder when r is divided by g(4)?
12
Suppose m - 335 = 2*z + 3*z, 4*z = -5*m + 1588. Suppose -8*v + m = -120. Calculate the remainder when v is divided by 1/(-2) + (-39)/(-2).
17
Let d = 7 - 3. Suppose -5*w + 0*s + 3*s = -87, 0 = -d*w + 3*s + 72. What is the remainder when w/(-10) + 286/4 is divided by 18?
16
Suppose -3*u - 101 = -161. Calculate the remainder when 32 is divided by u.
12
Let x be 0/(1 + 2) - 3. What is the remainder when 172/(-12)*x*1 is divided by 9?
7
Suppose 5*o - 3*a - 79 = 0, o + 5 - 18 = 2*a. Let n(d) = -3*d**2 - 29*d + 6. Calculate the remainder when n(-3) is divided by o.
15
Let m = -92 + 154. Suppose -4*q + 77 = -3*o - 0*q, q = 5*o + 134. Let k = -11 - o. Calculate the remainder when m is divided by k.
14
Let f be 2*(3 - 12/8). Suppose -f*o + 74 - 2 = 0. What is the remainder when o is divided by 13?
11
Let x = 0 + 3. Let t(l) = -l - 13. Let g be t(-16). Calculate the remainder when 3/g*(6 - 1) is divided by x.
2
Let m(h) be the second derivative of -h**4/12 - 8*h**3/3 - 13*h**2/2 - 18*h. What is the remainder when m(-11) is divided by 15?
12
Let m(a) = -3*a - 6. Suppose 145 = -2*d + 31*d. Calculate the remainder when m(-6) is divided by d.
2
Suppose -14*v = -17*v + 4*a + 31, 2*v = 2*a + 18. Suppose -o + 33 = -5*z, -2*o - 2*z + 7 + 23 = 0. Calculate the remainder when o is divided by v.
3
Let d = -113 - -129. Calculate the remainder when 44 is divided by d.
12
Suppose 2*z - 3*z = -2*k + 5, -3*z - 11 = -5*k. Suppose z*f - 97 = -n, -6*f - n + 163 = -f. Calculate the remainder when 65 is divided by f.
32
Let a(w) = -17*w**3 - 3*w**2 - 13*w**3 - 1 + 0*w**2 + 31*w**3 - 5*w. Calculate the remainder when 93 is divided by a(5).
21
Let p(v) = 26*v - 323. What is the remainder when p(14) is divided by 17?
7
Let s(y) = -y**2 + 22*y + 87. What is the remainder when 33 is divided by s(25)?
9
Let k = 36 + -10. Let l = k - 23. Suppose 93 = 5*n + 4*h, -n + l*h - 75 = -5*n. What is the remainder when 80 is divided by n?
17
Suppose s + l - 303 = 0, -15*s + 11*s + 3*l = -1184. What is the remainder when s is divided by 4?
3
Suppose 0 = -2*i + 5*j + 243, -3*j + 561 = 7*i - 2*i. Calculate the remainder when i is divided by 58.
56
Let g = 1 + 0. Let v = 6 - g. What is the remainder when 9 is divided by v?
4
Let y = -177 - -197. What is the remainder when 119 is divided by y?
19
What is the remainder when 159 is divided by ((-32)/(-6) - 2)*288/30?
31
Let v(g) = 14*g + 1. Let x(m) = 15*m + 2. Let u(r) = 3*v(r) - 2*x(r). Calculate the remainder when u(7) is divided by 12.
11
Let u = 10 - 5. Suppose 2138 = 11*k + 2039. Calculate the remainder when k is divided by u.
4
What is the remainder when (3/(-9))/(-4*(-2)/(-552)) is divided by 8?
7
Let i(l) = 4*l - 12. Let b be i(-6). Let h = b - -46. Calculate the remainder when 48 is divided by h.
8
Let m(x) = x**2 + x - 23. What is the remainder when 66 is divided by m(-6)?
3
Let h = -8 - -23. Let r(y) = -16*y**3 + y**2 - 1. Let i be r(-1). Calculate the remainder when (-6)/(-8) - 14/i*-30 is divided by h.
12
Let o = -2 + 4. Let z(a) = -26*a + 2. Let h be z(-1). Let w = -26 + h. What is the remainder when o is divided by w?
0
Calculate the remainder when 166 is divided by ((-15)/45)/(4/(-336)).
26
Let f(l) = 23*l**3 - 3*l**2 + 3*l - 4. Let u be f(2). Calculate the remainder when 51 is divided by (-152)/114*u/(-8).
22
Let k = 6 + -4. Let i(y) = -10*y**3 - y**2 - 2*y - 2. Let c be i(-1). Suppose -4*l - 5 = -c. What is the remainder when k is divided by l?
0
Let m(t) = -t**3 + 10*t**2 + 2*t + 6. Let s be (-21 - -1)/(14